ose -5*z = 4*a + 14, 3*z + 16 = z + a. Let f be ((-28)/z)/(36/(-810)). Is f/(-42)*(-5)/((-10)/716) composite?
True
Let y = -284 + 2163. Let f = y + -972. Is f a prime number?
True
Is (-10)/((-1750)/34447325) - (-16)/14 prime?
False
Suppose 4*p - 437718 + 128686 = -4*s, 5*s = -15. Is p prime?
True
Suppose 5*y - 127 = -82. Suppose 0 = z + y*z - 30. Suppose -2722 = -2*v + f, -5*v - z*f + 8617 = 1812. Is v a composite number?
False
Suppose 2*c - 10*q + 73162 = -12*q, -4*c - 146345 = -3*q. Is (c/16)/(1/(-2)) prime?
False
Let i(a) = 12*a**2 - 37*a + 35. Is i(-26) prime?
True
Let x be 56/(-21)*(-6)/4. Suppose 15*d = x*d + 59389. Is d a composite number?
False
Suppose -2*r + 4*z - 3*z + 3 = 0, 4*r + 3*z - 1 = 0. Let x be (0/(-20))/(r - 0). Suppose x = -4*g - 2*g + 8166. Is g a composite number?
False
Is (804511/(-9))/(1 + 5 + (-20405)/3339) a composite number?
False
Is (-1 + (-9)/27)*(-44439)/4 a prime number?
True
Let y be -4 - -3 - -2 - -1. Let w be (1*y)/(4/8). Is (1 + -124 - w)/(-1) a composite number?
False
Suppose g - 11 = 12*g. Let u be 7531/5 - g/(-5). Suppose 14*l - u = 8*l. Is l a prime number?
True
Let j = 48654 + -6295. Is j a composite number?
False
Let b(y) = 846*y**3 + 21*y**2 - 86*y + 2. Is b(5) a composite number?
True
Let p(y) = -y**3 + 14*y**2 + 13*y + 168. Let d be p(16). Let u be (0 - -6)/(2/1). Let o = u - d. Is o a prime number?
True
Suppose 98*a - 93*a - 25 = 0. Suppose -5*c + 834 = -501. Suppose a*b = 2*b + c. Is b prime?
True
Suppose 2*v - 34504 = 24*x - 19*x, 5*x = 4*v - 69018. Is v a composite number?
False
Let q(a) = 15051*a**2 + 74*a - 83. Is q(-6) a prime number?
True
Suppose -5*x - 11 = -3*f - 3*x, 8 = 2*f - x. Suppose -f*s = 4*i - 30153, 4*s + 2*i - 6*i = 24108. Is s a composite number?
False
Let m = 318376 + -116439. Is m a composite number?
False
Let j(k) = k**3 - k**2 + 1. Let f(c) = 16*c**2 - 19*c - 7. Let p(m) = -f(m) + 2*j(m). Let o(u) = -21*u + 1125. Let i be o(53). Is p(i) a composite number?
True
Let x be (-21105)/(-70)*11456/6. Suppose -15*r - 33*r = -x. Is r prime?
False
Suppose 0 = 3*j + 15, 0 = 4*t - 1589*j + 1592*j - 934357. Is t a composite number?
True
Let n = 26 + -6. Let p = -55 - n. Let f = 22 - p. Is f a prime number?
True
Let u(q) = 53*q - 45. Let t be u(-9). Let g = t - -283. Let v = -168 - g. Is v a composite number?
False
Let o = -824 + 10513. Is o prime?
True
Let m(i) = 6*i - 2. Let f be m(1). Suppose 20 = f*l - 2*t, -4*l + t + 22 - 4 = 0. Suppose 20 = -5*p, 0*g + g - l*p - 685 = 0. Is g prime?
False
Let r(j) = -475*j**2 + 14*j - 55. Let d(a) = 2374*a**2 - 69*a + 276. Let t(p) = -2*d(p) - 11*r(p). Is t(4) a composite number?
False
Suppose 0 = -f + 3*y + 1, -71 = 3*f + f + 3*y. Let i be (-6)/f - 39/(-7). Let d(q) = 8*q**2 + 4*q + 7. Is d(i) a composite number?
True
Let r(n) = -3*n**3 - 16*n**2 - 28*n + 1. Let h be ((-2)/12)/(19/(-171))*-8. Is r(h) a composite number?
False
Suppose 83168 = 49*k - 47*k. Suppose 22*j = 88590 + k. Is j a composite number?
True
Suppose 4*a - 25190 = 2*b - 8590, 0 = 5*a + 4*b - 20750. Let q = -1977 + a. Is q composite?
True
Let g(n) be the first derivative of 1559*n**3/3 - n**2/2 + n + 26. Let v = 4 + -3. Is g(v) prime?
True
Let l = 22730 + 19307. Is l composite?
True
Suppose 2*w - 148 = 4*b, 5*w + 3*b = 247 + 188. Let t = 77 - w. Let o(d) = 37*d**2 + 5*d - 1. Is o(t) a prime number?
True
Suppose -y - 15 = 2*s - 4, -3*s - 14 = y. Let o(g) = -277*g**2 + 159*g**2 + 7 + g - 5 + 146*g**2. Is o(s) prime?
True
Suppose -83*c + p = -85*c + 1270951, 4*p + 1270906 = 2*c. Is c composite?
False
Let p(s) = -252*s**3 + s**2 + s - 2. Let i be p(1). Let r = i - -2207. Let k = r - 841. Is k a prime number?
False
Suppose 5*u - 17*z - 58305 = -15*z, -u = 5*z - 11634. Is u a prime number?
False
Let r = -2235801 - -3997598. Is r prime?
True
Let l(k) = -k**3 - 7*k**2 + 14*k + 9781. Is l(0) prime?
True
Suppose 399*v - 412*v - 72366 = -2436247. Is v a prime number?
True
Let w be 1/(2 + (78/(-15) - -3)). Is (-8090)/((w - 3)/4) a prime number?
False
Let s = 839 - 396. Suppose 0 = s*b - 442*b - 3793. Is b prime?
True
Suppose -41068 = 4*s - 3*c - 694901, 5*s = -3*c + 817271. Suppose 6*k - s = 32426. Is k composite?
False
Let y(d) = 113*d**3 + d**2 - d - 1. Let u(q) = -q**3 + 5*q**2 - q + 4. Let l be u(5). Let p be y(l). Let t = p - -165. Is t a prime number?
True
Suppose 4*s + 3*q - 39 = 45, -2*s - 4*q + 52 = 0. Suppose -s*h + 101371 = -h. Is h a composite number?
True
Is 114169/33*9 - -2 a prime number?
True
Let x be (9732/(-10))/(10/50*2). Let s = 5218 + x. Is s prime?
False
Suppose 3*d + 761 - 49088 = 3*l, l = 2*d - 32218. Is d a prime number?
False
Suppose -4*o - 2022 = -2*l - 2*o, -1012 = -l + 2*o. Let w = l - 633. Is w prime?
False
Let o(s) = -193*s**3 - 10*s**2 + 140. Is o(-13) composite?
True
Let z(x) = x**3 + 7*x**2 - 3. Let u be z(-4). Let o = u - 2163. Let b = -779 - o. Is b prime?
False
Let t = -1411732 - -1987430. Is t a composite number?
True
Suppose 6*l + 2*z = 244146, 3069*z - 162766 = -4*l + 3068*z. Is l composite?
False
Suppose 11*n = 6*n + 415. Let y(f) = n*f + 36 + 84*f + 30*f. Is y(11) a prime number?
True
Let d = -1353060 + 3573779. Is d composite?
True
Let m(w) = 12*w**3 + 10*w**2 - 8*w - 2. Let i be m(10). Let o = i + -8378. Suppose 0 = -2*d - 2*d + o. Is d prime?
False
Suppose 0 = -2*y - 493 + 131. Let d = y - -248. Is d a prime number?
True
Let c = 21416 + -14402. Suppose 802 = -4*n + c. Is n composite?
False
Let u = -77157 + 125230. Is u prime?
True
Let r be (-3)/(-2) - 1862256/(-96). Suppose r = 3*d + 3*b - 25669, -3*d - 2*b + 45065 = 0. Is d a composite number?
True
Suppose -13*w = -12*w - 5*a - 46738, -5*a - 140184 = -3*w. Is w prime?
True
Let q(s) = 15*s**2 - s**3 + 26 - 3*s**3 + 4*s**3 + s**3 + 14*s. Let p be q(-14). Is (-1)/(-2 - (p/7)/(-2)) prime?
True
Let v be 25788/(-49) - (-2)/7. Let d = v + 1467. Suppose -732 = -7*u + d. Is u prime?
True
Suppose 21 - 9 = 3*z. Suppose 9*y - z*y - 3915 = 0. Let f = y + 368. Is f a composite number?
False
Suppose 0 = z + 5*b - 32312, -3*b - 32312 = -z + 2*b. Suppose 20*l - z = 12*l. Is l composite?
True
Let l be 1 + (1 + 1)/2. Suppose -2*f = 3*z - 13, -z = -l*z - 3*f + 2. Suppose p = -z*v - 2*p + 19820, 4*p = 5*v - 19855. Is v prime?
True
Suppose -28*i + 14*i = 56. Is (-2767 - -3 - 3)*(i + -3) a composite number?
True
Let f be (-2)/(-9) - 16/(-9). Let n = f - -5. Suppose -1436 + 7477 = n*o. Is o a prime number?
True
Suppose -15*h + 2360402 = -2439373. Is h composite?
True
Let l = -542485 + 1071570. Is l prime?
False
Let r(x) = -1812*x - 3041. Is r(-9) a prime number?
True
Is 0 - -1 - -928 - (-5 - -9) - 6 prime?
True
Let x(i) = -i**3 + 20*i**2 + i - 18. Let n be x(20). Let a be n/((-3)/((-9)/2)) - 63. Let l = a - -529. Is l prime?
False
Suppose 3*g - 2*z = 445533, 4*g = 182*z - 181*z + 594034. Is g composite?
True
Is (-2 + -1)*116349608/(-888) composite?
False
Let w be (-16)/(-32) + ((-251494)/4)/(-1). Suppose 3*b - 21*b + w = 0. Is b composite?
True
Let t = -4 + 8. Suppose -t*n + 0*n = -16. Suppose n*x - 1384 = -92. Is x a composite number?
True
Let r(d) be the third derivative of 89*d**5/15 - 7*d**4/24 - 13*d**3/6 - 30*d**2. Let z be r(-6). Suppose 4*n = -3*n + z. Is n a prime number?
False
Suppose -227*x + 197*x + 6170610 = 0. Is x prime?
False
Let t(w) = 5*w + 14. Let c be t(-3). Let m be (3*20/(-12))/(c/4). Is -2*(-2)/14*(m - -1) composite?
True
Let s(y) = -261716*y + 2679. Is s(-4) a composite number?
True
Let y = -93 + 91. Let r be -1 + 24/4 + 6/y. Let n(l) = 11*l + 1. Is n(r) a prime number?
True
Is (-30)/130 + 14640414/39 a composite number?
True
Let d(w) = 133*w**3 - 12*w**2 - 27*w + 52. Is d(7) composite?
True
Suppose -232724611 = -56*w - 245*w + 270297860. Is w a composite number?
True
Is ((-953)/(-2))/((-26)/(-2366)*(-14)/(-4)) a composite number?
True
Let m(v) = -34*v**3 + 2*v + 1. Let r be m(-1). Let k(h) = -r*h - 55*h - 171*h + 2 - 4. Is k(-1) a prime number?
True
Suppose -119*n + 60310 + 398405 = -104*n. Is n composite?
True
Suppose 29*j - 33*j + 172 = 0. Suppose -j*q + 37*q + 7542 = 0. Is q composite?
True
Let q be (-11 + 4 - -3)/(4/(-18)). Suppose -2012 = -10*f + q. Is f prime?
False
Is (-2)/30 - (-48610816)/1140 composite?
False
Suppose -4*p + 2*m - 58 = 88, -4*p = m + 143. Is -26188*3/p*3 a composite nu